f 173?
True
Is 1508 a factor of 22125265?
False
Is 251 a factor of 15788675?
False
Is 105 a factor of 1109453617?
False
Is 9984736 a multiple of 19?
False
Does 6369 divide 444161768?
False
Is 473 a factor of 204118420?
True
Is 21 a factor of 15349635?
True
Is 12 a factor of 77685585?
False
Is 108276453 a multiple of 9?
True
Is 28054337 a multiple of 8?
False
Does 2005 divide 52657315?
True
Is 6645 a factor of 170570505?
True
Is 21 a factor of 72348738?
True
Is 170515028 a multiple of 18?
False
Is 235686130 a multiple of 85?
True
Does 541 divide 263645830?
False
Is 54 a factor of 6870636?
True
Does 6 divide 2212988?
False
Is 98 a factor of 1406737766?
True
Is 87527078 a multiple of 599?
True
Is 6558272 a multiple of 16?
True
Does 12 divide 3813997849?
False
Is 1099 a factor of 19570992?
True
Is 75798221 a multiple of 15?
False
Is 16231413 a multiple of 187?
True
Does 13 divide 14560070?
False
Does 13 divide 67417025?
True
Is 54 a factor of 54778628?
False
Does 191 divide 120410812?
False
Is 101 a factor of 282947688?
False
Is 1389738 a multiple of 22?
False
Does 3636 divide 264329928?
True
Is 124156769 a multiple of 181?
True
Is 7930166 a multiple of 7?
False
Is 100806311 a multiple of 1008?
False
Does 79 divide 60996436?
False
Is 10591088 a multiple of 262?
True
Is 3110 a factor of 4503211580?
True
Does 724 divide 172873824?
True
Is 2478147788 a multiple of 2668?
True
Does 45 divide 153370399?
False
Is 307074846 a multiple of 1181?
False
Does 66 divide 122634139?
False
Is 996 a factor of 302947128?
False
Is 44347891 a multiple of 2965?
False
Is 1942305 a multiple of 82?
False
Does 259 divide 6505811?
False
Does 11 divide 69686727?
True
Is 7 a factor of 121754096?
False
Is 13337775 a multiple of 955?
False
Does 338 divide 15517628?
False
Does 117 divide 99547275?
False
Does 1177 divide 207504685?
False
Does 284 divide 149859700?
True
Does 257 divide 31900559?
False
Is 12 a factor of 21593340?
True
Is 297739870 a multiple of 4560?
False
Does 6197 divide 1155485240?
False
Is 1956 a factor of 754137756?
True
Is 1407199233 a multiple of 83?
False
Is 3887818 a multiple of 418?
True
Is 1606475205 a multiple of 7?
False
Does 64 divide 6979520?
True
Is 2330950709 a multiple of 112?
False
Is 53833833 a multiple of 1060?
False
Is 722880637 a multiple of 105?
False
Does 183 divide 42044080?
False
Does 710 divide 2152437420?
True
Is 2 a factor of 19679102?
True
Is 24 a factor of 121832880?
True
Does 10365 divide 3425725785?
True
Does 133 divide 145250494?
False
Does 9 divide 263238129?
True
Is 350950389 a multiple of 1036?
False
Does 334 divide 257914294?
False
Is 1207 a factor of 228758494?
False
Is 18333531 a multiple of 17?
True
Does 583 divide 96075485?
True
Is 2 a factor of 53275535?
False
Is 78112912 a multiple of 11?
False
Is 1081 a factor of 4460087090?
True
Does 9 divide 2462465481?
False
Does 198 divide 56817617?
False
Is 53 a factor of 662072396?
True
Is 48 a factor of 352612908?
False
Is 25 a factor of 1752425104?
False
Is 106 a factor of 1852933278?
False
Is 128192427 a multiple of 1568?
False
Does 384 divide 1410469248?
True
Is 535 a factor of 161695165?
False
Is 148080697 a multiple of 131?
True
Is 774 a factor of 7076682?
True
Is 306007149 a multiple of 7?
True
Is 59 a factor of 10997305?
True
Does 10 divide 808900350?
True
Does 214 divide 28992849?
False
Does 8 divide 69439143?
False
Is 26235552 a multiple of 4545?
False
Is 172773929 a multiple of 362?
False
Is 18 a factor of 82467018?
True
Does 15 divide 205984813?
False
Is 9599954 a multiple of 8?
False
Is 1238 a factor of 1415201130?
True
Is 3103 a factor of 56178077?
False
Does 58 divide 17425803?
False
Is 385 a factor of 5680349?
False
Does 36 divide 2344349196?
True
Does 383 divide 273923132?
True
Is 1241 a factor of 5943106049?
False
Is 34 a factor of 243074908?
True
Is 13 a factor of 199159831?
True
Does 428 divide 205545384?
False
Does 61 divide 480489375?
True
Is 479 a factor of 51811035?
True
Is 76 a factor of 100387666?
False
Is 105 a factor of 9813090?
True
Is 306047280 a multiple of 528?
True
Is 30 a factor of 35593325?
False
Does 145 divide 300693750?
True
Is 1925 a factor of 30384200?
True
Is 304 a factor of 10652768?
True
Does 70 divide 5936350?
True
Is 10 a factor of 5878611510?
True
Is 50755774 a multiple of 50?
False
Is 26 a factor of 60429134?
False
Is 18509330 a multiple of 7?
True
Is 189413205 a multiple of 7755?
False
Is 184 a factor of 4377131656?
True
Is 146 a factor of 7623578?
False
Is 400972753 a multiple of 5?
False
Is 705 a factor of 35353635?
True
Is 918 a factor of 57786264?
True
Is 200540981 a multiple of 347?
False
Is 3 a factor of 385063254?
True
Is 734279984 a multiple of 16?
True
Is 74 a factor of 139976846?
True
Is 2338 a factor of 207179532?
True
Does 33 divide 238441995?
True
Is 579198 a multiple of 439?
False
Is 914984758 a multiple of 43?
False
Is 215632721 a multiple of 468?
False
Is 179 a factor of 443265991?
False
Is 1030 a factor of 113688699?
False
Is 2345 a factor of 2980503789?
False
Does 78 divide 628190394?
True
Is 133223855 a multiple of 4527?
False
Is 990 a factor of 22743270?
True
Is 26 a factor of 8299954?
True
Does 1491 divide 193502844?
False
Is 1478 a factor of 57566764?
False
Is 63999607 a multiple of 111?
False
Is 46228320 a multiple of 87?
True
Is 206 a factor of 1408115740?
False
Does 666 divide 8817174?
True
Does 26 divide 681712?
False
Is 1226 a factor of 98077548?
True
Is 37 a factor of 312108098?
True
Is 631655752 a multiple of 2821?
True
Does 15 divide 199555253?
False
Is 22 a factor of 91940970?
True
Is 19747586 a multiple of 305?
False
Does 355 divide 921695375?
True
Is 21927186 a multiple of 82?
False
Is 29 a factor of 27179026?
False
Does 214 divide 12926242?
True
Is 53 a factor of 39002788?
False
Is 16 a factor of 273919169?
False
Is 1383058002 a multiple of 217?
False
Does 20 divide 66330094?
False
Does 594 divide 107373756?
False
Is 39338793 a multiple of 9?
True
Does 3 divide 1030435?
False
Is 1297 a factor of 1417348261?
False
Is 467085960 a multiple of 120?
True
Is 5201784 a multiple of 36?
True
Is 24 a factor of 979613897?
False
Is 35732801 a multiple of 33?
False
Is 1485 a factor of 1337985?
True
Is 24 a factor of 278576248?
False
Does 60 divide 17865900?
True
Does 31 divide 22539573?
True
Is 14821937 a multiple of 13?
True
Is 340706646 a multiple of 6?
True
Is 681498207 a multiple of 1713?
True
Is 95617832 a multiple of 9?
False
Is 73341809 a multiple of 87?
False
Does 651 divide 474822500?
False
Does 314 divide 50739417?
False
Is 100 a factor of 4012416?
False
Does 17 divide 974763?
True
Is 7 a factor of 308492662?
False
Is 4 a factor of 457481416?
True
Is 225094 a multiple of 4?
False
Is 331016673 a multiple of 17?
True
Is 16 a factor of 1073599104?
True
Does 793 divide 41435836?
True
Does 720 divide 1688220000?
True
Is 504 a factor of 1151578512?
True
Does 12 divide 265510572?
True
Is 37 a factor of 70129134?
True
Is 1055 a factor of 949711442?
False
Does 455 divide 39222305?
False
Is 84 a factor of 99814176?
True
Is 8784140 a multiple of 1172?
True
Is 217922461 a multiple of 3?
False
Does 89 divide 4201891?
False
Is 108 a factor of 8838012?
False
Is 26 a factor of 10238759?
False
Does 779 divide 33490369?
False
Is 117953001 a multiple of 111?
False
Is 273 a factor of 10395021?
True
Is 75511590 a multiple of 14?
True
Does 14 divide 2232393058?
True
Is 59353140 a multiple of 462?
True
Is 1876351540 a multiple of 4?
True
Is 5 a factor of 1302928639?
False
Is 103 a factor of 12312927?
False
Does 66 divide 17361366?
True
Is 1534553038 a multiple of 10382?
True
Is 3452069 a multiple of 5?
False
Does 26 divide 1020736193?
False
Does 1009 divide 172007257?
True
Does 12 divide 11591861?
False
Is 9084 a factor of 180439164?
False
Is 4255652352 a multiple of 128?
True
Is 22428025 a multiple of 25?
True
Is 40682496 a multiple of 408?
True
Is 829043267 a multiple of 13?
True
Is 70670059 a multiple of 1036?
False
Is 45656723 a multiple of 590?
False
Is 2309370 a multiple of 10?
True
Does 219 divide 18558719?
False
Is 126 a factor of 121934232?
True
Does 289 divide 66456128?
True
Is 27 a factor of 1425688873?
False
Is 31 a factor of 1038482648?
False
Does 673 divide 236774187?
True
Is 319364959 a multiple of 4?
Fals